 when r is divided by d?
21
Let s(i) = 2*i**2 + 27*i + 22. Let q be s(-12). Let l = 40 + q. Calculate the remainder when l is divided by 9.
8
Let r = -609 - -896. Let l = r + -205. Calculate the remainder when l is divided by 12.
10
Suppose -16*q + 3*q = -182. Calculate the remainder when (3 - 6)/(-3)*(131 + 6) is divided by q.
11
Suppose 0*m - 66 = -2*m. Let k = 63 - m. Let w = k - -25. What is the remainder when w is divided by 19?
17
Suppose -7*n = -1933 + 302. What is the remainder when n is divided by 39?
38
Suppose 4*g + 232 = 828. What is the remainder when g is divided by 51?
47
Let h be (4 - 1)*(6 - 5). Suppose 5*w = h*w + 46. Calculate the remainder when w is divided by 12.
11
Suppose d + 23 = -60. What is the remainder when 69 is divided by d/(-4)*1 + (-1)/(-4)?
6
Suppose -4*m + 11700 = 46*m. Calculate the remainder when m is divided by 48.
42
Let i = 823 + -811. Calculate the remainder when 43 is divided by i.
7
Let y = 313 + -309. What is the remainder when 286 is divided by y?
2
Let g(q) = 4*q - 12 - 5*q - q**2 + 20*q. Let u be g(11). Suppose u = 6*j - 86. Calculate the remainder when j is divided by 10.
7
Suppose -v = -n - 68, -2 + 8 = -3*n. Suppose 48 = 3*o - 4*t - 6, -2*t = 5*o - 64. Calculate the remainder when v is divided by o.
10
Let i = -22 - 12. Let l = 19 + i. Let w = l + 22. Calculate the remainder when 39 is divided by w.
4
Suppose 0 = 8*q - 9*q + 7. What is the remainder when 11 is divided by q?
4
Let s = 35 - 15. Calculate the remainder when ((-107)/(18190/(-3468)))/(4/10) is divided by s.
11
Let w = 2 - -1. Suppose -w*r = -g - 0*r + 44, -4*r = -5*g + 165. Let x = g - 3. Calculate the remainder when x is divided by 9.
8
Suppose 12*a - 20*a - 40 = 0. Calculate the remainder when 4 is divided by 8/(-10)*a/2.
0
Let n = 160 + -84. Let t = -32 + n. Calculate the remainder when t is divided by 5.
4
Suppose 291 = 4*l + 3*g - 53, 0 = 4*g + 16. Calculate the remainder when l is divided by (-8)/48 + (-109)/(-6).
17
Let o = 110 - 250. Let m(j) = -19*j**2 + 3*j + 1. Let k be m(-2). Let q = k - o. Calculate the remainder when q is divided by 20.
19
Suppose 8*j - 4*j = -5*w + 100, 0 = -3*w - 5*j + 60. Calculate the remainder when 33 is divided by w.
13
Suppose -2*x + 11 + 11 = 0. Suppose 25*c + 3 = 128. Suppose -x - 9 = -c*z. Calculate the remainder when 18 is divided by z.
2
Let j = 132 + -132. Suppose j*d = -d + 99. What is the remainder when d is divided by 34?
31
Let o be 1/(2/(-4) + 0). Let z be (-6)/o*(-24)/(-8). What is the remainder when 56 is divided by 173/z - (-14)/(-63)?
18
Suppose -4*l + 3 = -j, 2*l - 19 = -5*j + 2*j. Suppose -j*o + 551 = 91. Suppose -6*y = -2*y - o. What is the remainder when 91 is divided by y?
22
Suppose 9*i = -2*u + 4*i + 72, 2*u - 72 = 4*i. Suppose -59 + 19 = -2*n. What is the remainder when u is divided by n?
16
Suppose 2*c = 3*c - 5*i - 121, -5*c = -5*i - 525. Let r(x) = -40*x + 186. Calculate the remainder when c is divided by r(4).
23
Let l(p) = p**2 + 4. Let f be l(5). Suppose -7*g = -167 - f. Calculate the remainder when 82 is divided by g.
26
What is the remainder when (-986)/6*(18 - 21) is divided by 55?
53
Let j(p) = -p - 9. Let o be j(-7). Let q(n) = 0*n - 1 + n**2 + n - 4*n. What is the remainder when q(o) is divided by 4?
1
Suppose 144*o - 7 = -x + 145*o, 0 = -2*x + 3*o + 16. What is the remainder when 197 is divided by x?
2
Suppose 70 = -29*g + 39*g. Calculate the remainder when 30 is divided by g.
2
Suppose 0 = -3*x - c + 205, -3*x + 2*c - 341 = -8*x. What is the remainder when x is divided by (-3)/(-6)*(-14)/7 - -25?
21
Let y(c) = 10*c + 634. Let u = 8 + 4. Calculate the remainder when y(-60) is divided by u.
10
Suppose 1 = -2*b - 5*g, b + 2*g - 6*g = 6. Suppose 6 + 0 = b*o. Suppose o = 4*p - 25. What is the remainder when 26 is divided by p?
5
Let w = -910 - -1828. Calculate the remainder when w is divided by 40.
38
Suppose 74*t - 1012 = 30*t. What is the remainder when (-2)/5 - 227/(-5) is divided by t?
22
Let m = 485 + -468. Calculate the remainder when 1 + 80 + -2 - -1 is divided by m.
12
Suppose o + 305 = 5*s, 5*s - 315 = -o + 4*o. Let z = -31 + s. Let w(b) = -6*b - 26. Calculate the remainder when z is divided by w(-6).
9
Suppose -4*d - 2*x + 234 = 0, 4*d = -11*x + 8*x + 231. Calculate the remainder when d is divided by 18.
6
Suppose 5*m - 40 = -5. Suppose 3*d = m*d - 16. What is the remainder when 2/8 + (-110)/(-8) is divided by d?
2
Suppose -6*k + 187 = -17*k. Let b = -9 - k. Calculate the remainder when 22 is divided by b.
6
Suppose -121 = -19*x + 449. Suppose -x = 2*n - 88. Suppose 2*u + 2*p = 180, -p = 4*u - 4*p - 332. Calculate the remainder when u is divided by n.
28
Suppose 0 = 2*v + 4*t - 118 - 36, 0 = 2*t + 12. Suppose 0 = -2*h - 22 + 68. What is the remainder when v is divided by h?
20
Suppose 39*a - 35*a = 464. Suppose 5*b - a = b. Suppose 3*n - 5*n - 2*o = -216, -138 = -n + 5*o. Calculate the remainder when n is divided by b.
26
Let h = -87 - -76. Calculate the remainder when 116 is divided by (h - -1)*-5*(-42)/(-105).
16
Suppose 2*j + 46 - 104 = 0. Calculate the remainder when 74 is divided by j.
16
Let y(i) = -i + 10. Let m be 5/1 - 2*-2. Let h = -27 - -29. Calculate the remainder when h is divided by y(m).
0
Let j = -46 - -49. Let m = -13 - -18. Calculate the remainder when m is divided by 3 - (3/j - 1).
2
Suppose -26*k + 3660 = -4556. What is the remainder when k is divided by 40?
36
Let i(l) = 21*l**2 + 4*l + 3. Let d be i(3). Suppose -d = -14*m + 2*m. Calculate the remainder when 28 is divided by m.
11
Let q(r) = -r**3 - 4*r**2 - r - 1. Suppose 3*l + 2*m - 1 = -0*l, -m = -l - 8. Let v be q(l). Let a = 13 + v. What is the remainder when 15 is divided by a?
3
Calculate the remainder when (-2)/(-11) - 1461/(-11) is divided by 23.
18
Calculate the remainder when 364/42 + -9 + (-154)/(-3) is divided by 14.
9
Let i be 15/(-6)*(-36)/15. Let g = i - -4. Suppose -5*n + 2*y + 193 = 0, -2*n - 2*y = -0*n - 80. Calculate the remainder when n is divided by g.
9
Suppose -4*o = -3*x - 23, -3*x + 1 + 1 = o. Suppose o*w - 80 = u, -7*u + 2*u = w + 10. What is the remainder when 89 is divided by w?
14
Let m(w) = -100*w - 4. Suppose -4*g + 165 = g. Calculate the remainder when m(-1) is divided by g.
30
Let k(g) = -3*g - 2. Let q be k(6). Let n be (q/(-12))/(4/12). Let o = 4 + n. What is the remainder when 42 is divided by o?
6
Let t = -1716 + 1741. What is the remainder when t is divided by 1*10 + 1*-1?
7
Suppose -9*c + 268 = -101. What is the remainder when 203 is divided by c?
39
Let x = -165 - -90. Let i = x + 120. Calculate the remainder when 177 is divided by i.
42
Let d = -234 - -294. Calculate the remainder when d is divided by -2*2/(4/(-13)).
8
Suppose 463 = 3*p + 3*o - 335, 1070 = 4*p + o. Calculate the remainder when p is divided by 97.
74
Let a = -7 + 35. Let q = 69 + 37. What is the remainder when q is divided by a?
22
Let w = -42 + 21. Let g be 346/6 - (-14)/w. Let a = -30 + g. What is the remainder when a is divided by 14?
13
Let t(n) = 3*n**2 - 2*n - 42. What is the remainder when t(-7) is divided by 9?
2
Let q = 237 - 200. Calculate the remainder when 65 is divided by q.
28
Let m be (3/5)/(1 + 4/(-5)). What is the remainder when m/(-2) - 111/(-2) is divided by 14?
12
Let r = 99 - 89. Suppose 0 = -3*a - a + 96. Calculate the remainder when r is divided by ((-1)/2)/((-3)/a).
2
Let f(r) = -4*r**2 - 4. Let q(l) = -5*l**2 - 5. Let a(s) = -4*f(s) + 3*q(s). Calculate the remainder when 13*-4*25/(-20) is divided by a(4).
14
Let d(p) = 23*p**2 - 5*p - 4. Suppose 0 = -m + 28 + 6. Calculate the remainder when d(-2) is divided by m.
30
Let y = -792 + 850. Calculate the remainder when 404 is divided by y.
56
Suppose 20 = 6*q - 58. Suppose -5*k + 29 + 6 = 0. Suppose k + 28 = 5*g. Calculate the remainder when q is divided by g.
6
Let k = 3 - -12. What is the remainder when 12/(-18)*-123 - (-17 - -11) is divided by k?
13
Suppose r = 3*n + 216, r + 5*n - 85 - 107 = 0. Calculate the remainder when r is divided by 31.
21
Suppose 0 = 3*h - 0*h + y + 33, -39 = 2*h - 5*y. Let j be (12/1)/(h/(-16)). What is the remainder when 32 is divided by j*(0 - (-9)/12)?
8
Let o be (-5)/((-10)/(-22))*-1. Let h = o + -7. Calculate the remainder when 25 is divided by h.
1
Calculate the remain